4). List the prime factors of s(j).
2, 3
Let j = 1220 + -1788. Let p = j + 967. What are the prime factors of p?
3, 7, 19
What are the prime factors of ((-207585)/60)/(((-3)/(-18))/(16/(-9)))?
2, 7, 659
Let w = 938 + 2872. Suppose -5*i + 4*u + 3795 = 0, 5*i + 11*u - w = 12*u. What are the prime factors of i?
7, 109
Let y = -8261 + 19236. What are the prime factors of y?
5, 439
Let g = 12133 + -2395. List the prime factors of g.
2, 3, 541
Let p(a) = -16*a + 33 + 0 - 9. List the prime factors of p(-15).
2, 3, 11
Let z be 3995/(-25) + 3 - (-1)/(-5). Let x = z - -318. What are the prime factors of x?
7, 23
Let t(o) = -125*o + 47. Let m be 54/(-15) - ((-9)/15 + 0). List the prime factors of t(m).
2, 211
List the prime factors of 10616/(-20)*(-2745)/122.
3, 1327
Let g(v) be the second derivative of v**3/6 + 1231*v**2/2 + 199*v. List the prime factors of g(0).
1231
Let d = -331 + 331. List the prime factors of 1/(1/517) - (1 + d).
2, 3, 43
List the prime factors of 1*-7 - (-755415)/27*54/30.
2, 17, 1481
Suppose -18*c = -7*c - 1100. Let w be -1*c*(3 + (-10)/4). Let n = w + 268. What are the prime factors of n?
2, 109
Suppose 5*y + 43415 = o, 2*y - 23 = -9. List the prime factors of o.
2, 5, 11, 79
List the prime factors of 0 - -3 - 12 - -53870.
53861
Let c = -43 + 48. Suppose c*b + 37 = v, 3*b - 334 = -5*v - 121. What are the prime factors of 3/(1 - -2)*(v - 1)?
41
Let l = -45 + 6. Let s = 50 + -2. Let t = l + s. What are the prime factors of t?
3
Let w = 682 + -670. Suppose 0 = 2*q - w*q + 340. What are the prime factors of q?
2, 17
Let j(m) = -10 + 46 + 15*m - 21 + 57. List the prime factors of j(6).
2, 3
Let v(b) = 3*b**3 - 22*b**2 + 53*b + 54. List the prime factors of v(30).
2, 3, 5237
Let g = 662 + 367. Let c = -707 + g. What are the prime factors of c?
2, 7, 23
Let f(r) = -3*r**3 - 2*r**2 - r. Let k be f(-1). Suppose 195 = k*l + 3*l. Let g = l + -1. List the prime factors of g.
2, 19
Suppose -6*g = -g + g. Suppose -t = -g*t - 5. Suppose 0 = 4*w + u - 135, -t*w + 181 - 15 = 4*u. List the prime factors of w.
2, 17
Let y = 19059 - 7417. What are the prime factors of y?
2, 5821
Suppose -2*y = 2*j - 17860, 5*y - 3*j - 25751 = 18947. What are the prime factors of y?
2, 1117
Let w = -34 + 9. Let u be 10/w - (-2)/5. Suppose y = -u*f - 5*f + 175, -4*y + 52 = 2*f. What are the prime factors of f?
2, 3
Let w be (1 - -47)*(-9)/12*18. Let m = 926 + w. What are the prime factors of m?
2, 139
Suppose 0 = -67*a + 30653 + 122040. List the prime factors of a.
43, 53
Suppose 4*k - 2*j = 6, 3*k - 2 = 4*j - 3*j. Let c(w) = -76*w + 76*w - w**2 - 90*w**3. What are the prime factors of c(k)?
89
Suppose 80*r - 599329 + 145569 = 0. List the prime factors of r.
2, 709
Suppose -4*p + 112 = 104. Let b(r) = -2*r**2 - p + 5*r - 8*r**2 + 15*r**2. List the prime factors of b(-4).
2, 29
What are the prime factors of 12/14 + 314400/210?
2, 7, 107
Let p be (-1 - 10/(-5)) + -66. Let l = p + 67. Suppose -9 = -l*w - 4*n + 143, 0 = -2*w - 3*n + 149. What are the prime factors of w?
2, 5, 7
Let x be 5/(-20)*50*2. Let c = x + 30. Suppose -p = -5*y - 81, -6*p - c*y = -5*p - 81. What are the prime factors of p?
3
Suppose 0*z - z - 39 = 0. Let r = -39 - z. Suppose r = 121*l - 126*l + 285. List the prime factors of l.
3, 19
Let l(b) = -207*b**2 - 7*b + 16. Let n be l(3). Let q = n + 2813. List the prime factors of q.
3, 5, 7
Let j be 0 + 0 - (1 + (0 - -2)). Let b be (j*4)/(-3)*(-67)/(-4). Suppose 4*c + 36 = 3*f, 0 = -2*f - 2*f - c + b. List the prime factors of f.
2
Let a = -124 + 199. Let n(c) = 15*c**2 - a*c**3 - c + 38*c**3 + 28 + 0*c + 36*c**3. What are the prime factors of n(14)?
2, 3, 5, 7
Let c(h) = h**3 - 2*h**2 - 3*h + 844. Let w(l) = -2*l**3 - 9*l**2 + 5*l. Let d be w(-5). Let o be c(d). Suppose -o = -9*x - 196. List the prime factors of x.
2, 3
Suppose 2 = -4*y + 3*n + 8, 2*y - 8 = -n. List the prime factors of (-22)/33 - (2 - 2615/y).
11, 79
Let t(o) = 86*o + 7042. List the prime factors of t(0).
2, 7, 503
Let l be ((-135)/(-25))/(-9) + 106/10. Suppose -2*n + 766 = 4*j, -2*n = -13*j + l*j - 787. What are the prime factors of n?
389
List the prime factors of (-2 - 102245/52)/(((-14)/(-72))/(-7)).
3, 7873
Suppose 290873 = -1213*d + 1224*d. List the prime factors of d.
31, 853
Suppose 5*i = 5*a + 3475, -2121 = 3*a - 5*i - 42. Let l = a + 453. What are the prime factors of (-7)/(l/(-330))*-14?
2, 3, 11
Suppose -18*z + 87976 = -9818. What are the prime factors of 24/(-32) + z/12?
2, 113
Let f(c) = 13196*c**2 - 212*c - 210. What are the prime factors of f(-1)?
2, 6599
Let v(y) = y**2 - 6*y - 13. Let j(s) be the third derivative of s**4/24 + s**3/3 + 26*s**2. Let l be j(8). List the prime factors of v(l).
3
Suppose 4*k - 6320 + 495 = -c, -1469 = -k + 4*c. What are the prime factors of k?
31, 47
Let r(q) = 8*q**3 - q**2 - 6*q + 1. Let t be r(3). Let m = 418 - t. List the prime factors of m.
2, 3, 19
Let v be (24/(-4))/(4*2/(-52)). Suppose 37*g = v*g - 1402. List the prime factors of g.
701
Let u(s) = -56*s - 8. Let w be u(-3). What are the prime factors of w/(-12)*105/(-20)?
2, 5, 7
Suppose 0 = -29*c + 1197 - 8070. Let g = c - -296. What are the prime factors of g?
59
Suppose -2*b - 4 = 0, h - 3*h = 4*b - 1172. Suppose -222 = -c - 4*m, m - 119 + h = 2*c. Let q = c + -129. List the prime factors of q.
3, 5, 7
Let s(c) = 54*c + 9. Let o = 267 + -264. List the prime factors of s(o).
3, 19
Let n(q) = 369*q**2 + 5*q - 2. Let t(z) = -z**2 - z - 1. Let u(y) = n(y) + 6*t(y). List the prime factors of u(-2).
2, 3, 241
Let d = 1262 + 3111. List the prime factors of d.
4373
Suppose 4129 = 18*i - 15*i - 4*j, 4*i + 2*j - 5476 = 0. Suppose s = -4, 29*w - 4*s = 28*w + i. What are the prime factors of w?
5, 271
Let h = -52 + 55. Suppose 2*j - h*j = v - 28, 4*j - 34 = -v. Suppose v*q - 29*q = -6. List the prime factors of q.
2
Suppose 249 = -4*t + 1201. Let r = t - -56. What are the prime factors of r?
2, 3, 7
Let t(a) = 562*a + 1903. List the prime factors of t(9).
6961
Suppose 3*k = -4*u + 49885, -4*k = -153*u + 157*u - 66516. List the prime factors of k.
16631
Suppose 25 + 1 = -t. Let g be t*(-4)/10 + (-2)/5. Let z = 77 - g. What are the prime factors of z?
67
Let x be (-4 - (-21231)/27) + 2/(-6). Suppose x*k = 780*k + 788. What are the prime factors of k?
2, 197
Let n(i) be the second derivative of -i**3 + 711*i**2/2 - 3*i - 17. What are the prime factors of n(0)?
3, 79
Suppose 1050 = -2*j + 3*j + 2*z, -3*j = 2*z - 3170. Let h = j - 472. What are the prime factors of h?
2, 3, 7
Let v = 3570 - 1935. List the prime factors of v.
3, 5, 109
Suppose 0 = 5*l - 3*w - 1597 - 391, -3*w = 5*l - 1982. Let p = l - 269. List the prime factors of p.
2
Let s be (-3684 - -2) + -7 + 10. Let u = s + 5414. What are the prime factors of u?
5, 347
Suppose -7*l + 210 = -28*l. Let p(g) = -g**3 - 7*g**2 + 15*g + 50. List the prime factors of p(l).
2, 5
What are the prime factors of 24135 + (43 - 9 - 16)?
3, 83, 97
Let l(c) = -c**3 + 50*c**2 - 67*c - 203. List the prime factors of l(46).
5179
Suppose 0 = 5*u - 3*x - 2*x, -2*u = -4*x. Let z(r) = -2*r + 15 + 110 + 11. List the prime factors of z(u).
2, 17
Suppose -4*f - 126 = 2*j, -2*f = j - 3*j + 60. Let w = f + 59. List the prime factors of (w - -2) + -4 + 4.
2, 3, 5
Suppose z - 10*z = -342. Let c = 256 - z. List the prime factors of c.
2, 109
Suppose 97155 + 603297 = 31*y - 25351. What are the prime factors of y?
13, 1801
Suppose 2*y - 26*k - 11819 = -25*k, -4*k - 29555 = -5*y. What are the prime factors of y?
3, 11, 179
Let y = -402 - -1512. Let r = -749 + y. What are the prime factors of r?
19
Suppose 27*a - 45761 - 46194 = 238741. What are the prime factors of a?
2, 1531
Let m(u) be the second derivative of 0*u**2 + 5*u**4 - 1/2*u**3 - 7*u + 0. What are the prime factors of m(-1)?
3, 7
Suppose 0 = 57*n + 64181 - 1323465 + 20446. What are the prime factors of n?
2, 10867
Suppose 2*k + 346 = 4*b, -15 = -4*k + k. Suppose -4*u = -s - 742, -1006 = -5*u - 4*s - b. List the prime factors of u.
5, 37
Let z = -53938 - -75529. List the prime factors of z.
3, 2399
Suppose 6*j - 14 = 16. Suppose -33*i - j*i + 70832 = 0. List the prime factors of i.
2, 233
Let g = -2891 + 1569. Let o = -940 - g. List the prime factors of o.
2, 191
Let q = 34 + -7. Suppose -u - 15 = -q. List th